{"id":25407,"date":"2020-09-16T05:09:49","date_gmt":"2020-09-16T05:09:49","guid":{"rendered":"https:\/\/www.scscapacitacion.com\/aula\/home\/"},"modified":"2023-05-30T21:52:22","modified_gmt":"2023-05-31T01:52:22","slug":"home","status":"publish","type":"page","link":"https:\/\/www.scscapacitacion.com\/aula\/","title":{"rendered":"Home"},"content":{"rendered":"\n<div class=\"wp-block-uagb-container uagb-block-ab4c0060 alignfull uagb-is-root-container\"><div class=\"uagb-container-inner-blocks-wrap\">\n<div class=\"wp-block-uagb-info-box uagb-block-6894e761 uagb-infobox__content-wrap  uagb-infobox-icon-above-title uagb-infobox-image-valign-top\"><div class=\"uagb-ifb-content\"><div class=\"uagb-ifb-title-wrap\"><h1 class=\"uagb-ifb-title\">SCS Capacitaciones SA<\/h1><\/div><p class=\"uagb-ifb-desc\">Nuestro objetivo es la excelencia acad\u00e9mica y la garant\u00eda de aprendizaje por parte de nuestros alumnos y estudiantes, por ello nos esforzamos por contar con los mejores docentes y relatores de Chile.<\/p><div class=\"uagb-ifb-button-wrapper wp-block-button\"><a href=\"#\" class=\"uagb-infobox-cta-link wp-block-button__link\" target=\"_self\" rel=\"noopener noreferrer\" onclick=\"return false;\" alt=\"\"><span class=\"uagb-inline-editing\">Ver cat\u00e1logo de cursos<\/span><\/a><\/div><\/div><\/div>\n<\/div><\/div>\n\n\n\n<div class=\"wp-block-uagb-container uagb-block-0da34c42 alignfull uagb-is-root-container\"><div class=\"uagb-container-inner-blocks-wrap\">\n<div class=\"wp-block-uagb-container uagb-block-bf8733bb\">\n<div class=\"wp-block-uagb-container uagb-block-4c45e2bd\">\n<div class=\"wp-block-uagb-info-box uagb-block-8891207f uagb-infobox__content-wrap  uagb-infobox-icon-above-title uagb-infobox-image-valign-top\"><div class=\"uagb-ifb-content\"><div class=\"uagb-ifb-image-content\"><img decoding=\"async\" src=\"https:\/\/www.scscapacitacion.com\/aula\/wp-content\/uploads\/2023\/05\/certificado-1-150x150.png\" alt=\"\" width=\"\" height=\"0\" loading=\"lazy\"\/><\/div><div class=\"uagb-ifb-title-wrap\"><h3 class=\"uagb-ifb-title\">Cursos Certificados<\/h3><\/div><p class=\"uagb-ifb-desc\"> Todos nuestros cursos cumplen con la normativa nacional de capacitaci\u00f3n. <\/p><\/div><\/div>\n<\/div>\n\n\n\n<div class=\"wp-block-uagb-container uagb-block-ed33d9a7\">\n<div class=\"wp-block-uagb-info-box uagb-block-b74a30eb uagb-infobox__content-wrap  uagb-infobox-icon-above-title uagb-infobox-image-valign-top\"><div class=\"uagb-ifb-content\"><div class=\"uagb-ifb-image-content\"><img decoding=\"async\" src=\"https:\/\/www.scscapacitacion.com\/aula\/wp-content\/uploads\/2023\/05\/asincronico-150x150.png\" alt=\"\" width=\"\" height=\"0\" loading=\"lazy\"\/><\/div><div class=\"uagb-ifb-title-wrap\"><h3 class=\"uagb-ifb-title\">Asincr\u00f3nicos<\/h3><\/div><p class=\"uagb-ifb-desc\"> En constante actualizaci\u00f3n contamos con cursos grabados de alta calidad.<\/p><\/div><\/div>\n<\/div>\n\n\n\n<div class=\"wp-block-uagb-container uagb-block-5bf9838d\">\n<div class=\"wp-block-uagb-info-box uagb-block-2314e5b4 uagb-infobox__content-wrap  uagb-infobox-icon-above-title uagb-infobox-image-valign-top\"><div class=\"uagb-ifb-content\"><div class=\"uagb-ifb-image-content\"><img decoding=\"async\" src=\"https:\/\/www.scscapacitacion.com\/aula\/wp-content\/uploads\/2023\/05\/didacticos-150x150.png\" alt=\"\" width=\"\" height=\"0\" loading=\"lazy\"\/><\/div><div class=\"uagb-ifb-title-wrap\"><h3 class=\"uagb-ifb-title\">Did\u00e1cticos<\/h3><\/div><p class=\"uagb-ifb-desc\"> Elaborados de forma que sean de f\u00e1cil comprensi\u00f3n y con m\u00e1s opciones.<\/p><\/div><\/div>\n<\/div>\n<\/div>\n<\/div><\/div>\n\n\n\n<div class=\"wp-block-uagb-advanced-heading uagb-block-16cbc084\"><h2 class=\"uagb-heading-text\">Cursos destacados<\/h2><p class=\"uagb-desc-text\">Variedad de cursos en categor\u00edas espec\u00edficas de capacitaci\u00f3n.<\/p><\/div>\n\n\n\n<div class=\"wp-block-uagb-container uagb-block-ea5903ee alignfull uagb-is-root-container\"><div class=\"uagb-container-inner-blocks-wrap\"><div class=\"woocommerce columns-3 \"><ul class=\"products columns-3\">\n<li class=\"desktop-align-left tablet-align-left mobile-align-left product type-product post-16 status-publish first instock product_cat-ofimatica has-post-thumbnail sale virtual sold-individually purchasable product-type-course\">\n\t<\/li>\n<li class=\"desktop-align-left tablet-align-left mobile-align-left product type-product post-26577 status-publish instock product_cat-industrial has-post-thumbnail sale virtual sold-individually purchasable product-type-course\">\n\t<\/li>\n<li class=\"desktop-align-left tablet-align-left mobile-align-left product type-product post-26579 status-publish last instock product_cat-industrial has-post-thumbnail sale virtual sold-individually purchasable product-type-course\">\n\t<\/li>\n<li class=\"desktop-align-left tablet-align-left mobile-align-left product type-product post-26581 status-publish first instock product_cat-industrial has-post-thumbnail sale virtual sold-individually purchasable product-type-course\">\n\t<\/li>\n<li class=\"desktop-align-left tablet-align-left mobile-align-left product type-product post-26583 status-publish instock product_cat-industrial has-post-thumbnail sale virtual sold-individually purchasable product-type-course\">\n\t<\/li>\n<li class=\"desktop-align-left tablet-align-left mobile-align-left product type-product post-26591 status-publish last instock product_cat-ofimatica has-post-thumbnail sale virtual sold-individually purchasable product-type-course\">\n\t<\/li>\n<li class=\"desktop-align-left tablet-align-left mobile-align-left product type-product post-26593 status-publish first instock product_cat-ofimatica has-post-thumbnail sale virtual sold-individually purchasable product-type-course\">\n\t<\/li>\n<li class=\"desktop-align-left tablet-align-left mobile-align-left product type-product post-26613 status-publish instock product_cat-ofimatica has-post-thumbnail sale virtual sold-individually purchasable product-type-course\">\n\t<\/li>\n<li class=\"desktop-align-left tablet-align-left mobile-align-left product type-product post-26597 status-publish last instock product_cat-ofimatica has-post-thumbnail sale virtual sold-individually purchasable product-type-course\">\n\t<\/li>\n<li class=\"desktop-align-left tablet-align-left mobile-align-left product type-product post-26595 status-publish first instock product_cat-ofimatica has-post-thumbnail sale virtual sold-individually purchasable product-type-course\">\n\t<\/li>\n<li class=\"desktop-align-left tablet-align-left mobile-align-left product type-product post-26607 status-publish instock product_cat-ofimatica has-post-thumbnail sale virtual sold-individually purchasable product-type-course\">\n\t<\/li>\n<li class=\"desktop-align-left tablet-align-left mobile-align-left product type-product post-26611 status-publish last instock product_cat-ofimatica has-post-thumbnail sale virtual sold-individually purchasable product-type-course\">\n\t<\/li>\n<li class=\"desktop-align-left tablet-align-left mobile-align-left product type-product post-26609 status-publish first instock product_cat-ofimatica has-post-thumbnail sale virtual sold-individually purchasable product-type-course\">\n\t<\/li>\n<li class=\"desktop-align-left tablet-align-left mobile-align-left product type-product post-26603 status-publish instock product_cat-ofimatica has-post-thumbnail sale virtual sold-individually purchasable product-type-course\">\n\t<\/li>\n<li class=\"desktop-align-left tablet-align-left mobile-align-left product type-product post-26605 status-publish last instock product_cat-ofimatica has-post-thumbnail sale virtual sold-individually purchasable product-type-course\">\n\t<\/li>\n<li class=\"desktop-align-left tablet-align-left mobile-align-left product type-product post-26599 status-publish first instock product_cat-ofimatica has-post-thumbnail sale virtual sold-individually purchasable product-type-course\">\n\t<\/li>\n<li class=\"desktop-align-left tablet-align-left mobile-align-left product type-product post-26601 status-publish instock product_cat-ofimatica has-post-thumbnail sale virtual sold-individually purchasable product-type-course\">\n\t<\/li>\n<li class=\"desktop-align-left tablet-align-left mobile-align-left product type-product post-26585 status-publish last instock product_cat-industrial has-post-thumbnail sale virtual sold-individually purchasable product-type-course\">\n\t<\/li>\n<li class=\"desktop-align-left tablet-align-left mobile-align-left product type-product post-26587 status-publish first instock product_cat-ofimatica has-post-thumbnail sale virtual sold-individually purchasable product-type-course\">\n\t<\/li>\n<li class=\"desktop-align-left tablet-align-left mobile-align-left product type-product post-26589 status-publish instock product_cat-ofimatica has-post-thumbnail sale virtual sold-individually purchasable product-type-course\">\n\t<\/li>\n<\/ul>\n<\/div>\n<\/div><\/div>\n\n\n\n<div class=\"wp-block-uagb-container uagb-block-f5236929 alignfull uagb-is-root-container\"><div class=\"uagb-container-inner-blocks-wrap\">\n<div class=\"wp-block-uagb-advanced-heading uagb-block-1c635900\"><h2 class=\"uagb-heading-text\">Mant\u00e9ngase a la vanguardia  con nuestra formaci\u00f3n profesional<\/h2><p class=\"uagb-desc-text\">Relatores certificados y con gran experiencia<\/p><\/div>\n\n\n\n<div class=\"wp-block-uagb-container uagb-block-36da1663\">\n<div class=\"wp-block-uagb-container uagb-block-87b8f3f7\">\n<div class=\"wp-block-uagb-image aligncenter uagb-block-4d614f15 wp-block-uagb-image--layout-default wp-block-uagb-image--effect-static wp-block-uagb-image--align-center\"><figure class=\"wp-block-uagb-image__figure\"><img loading=\"lazy\" decoding=\"async\" srcset=\"https:\/\/www.scscapacitacion.com\/aula\/wp-content\/uploads\/2023\/05\/Guille-6-957x1024.png , https:\/\/www.scscapacitacion.com\/aula\/wp-content\/uploads\/2019\/06\/manager-free-img.png 360w\" sizes=\"auto, (max-width: 480px) 150px\" src=\"https:\/\/www.scscapacitacion.com\/aula\/wp-content\/uploads\/2023\/05\/Guille-6-957x1024.png\" alt=\"\" class=\"uag-image-26499\" width=\"553\" height=\"588\" title=\"\" loading=\"lazy\"\/><\/figure><\/div>\n\n\n\n<div class=\"wp-block-uagb-advanced-heading uagb-block-4f87db6f\"><h5 class=\"uagb-heading-text\">Guillermo Lapenta &#8211; Relator<\/h5><\/div>\n<\/div>\n\n\n\n<div class=\"wp-block-uagb-container uagb-block-f7e77370\">\n<div class=\"wp-block-uagb-faq uagb-faq__outer-wrap uagb-block-66615612 uagb-faq-icon-row uagb-faq-layout-accordion uagb-faq-expand-first-true uagb-faq-inactive-other-true uagb-faq__wrap uagb-buttons-layout-wrap uagb-faq-equal-height\" data-faqtoggle=\"true\" role=\"tablist\">\n<div class=\"wp-block-uagb-faq-child uagb-faq-child__outer-wrap uagb-faq-item uagb-block-de5189ff\" role=\"tab\" tabindex=\"0\"><div class=\"uagb-faq-questions-button uagb-faq-questions\"><span class=\"uagb-icon uagb-faq-icon-wrap\"><svg xmlns=\"https:\/\/www.w3.org\/2000\/svg\" viewBox=\"0 0 256 512\"><path d=\"M118.6 105.4l128 127.1C252.9 239.6 256 247.8 256 255.1s-3.125 16.38-9.375 22.63l-128 127.1c-9.156 9.156-22.91 11.9-34.88 6.943S64 396.9 64 383.1V128c0-12.94 7.781-24.62 19.75-29.58S109.5 96.23 118.6 105.4z\"><\/path><\/svg><\/span><span class=\"uagb-icon-active uagb-faq-icon-wrap\"><svg xmlns=\"https:\/\/www.w3.org\/2000\/svg\" viewBox=\"0 0 320 512\"><path d=\"M310.6 246.6l-127.1 128C176.4 380.9 168.2 384 160 384s-16.38-3.125-22.63-9.375l-127.1-128C.2244 237.5-2.516 223.7 2.438 211.8S19.07 192 32 192h255.1c12.94 0 24.62 7.781 29.58 19.75S319.8 237.5 310.6 246.6z\"><\/path><\/svg><\/span><p class=\"uagb-question\">Un entrenamiento guiado y progresivo<\/p><\/div><p class=\"uagb-faq-content\">de lo simple a lo complejo los cursos van perimi\u00e9ndote avanzar en tu formaci\u00f3n hasta niveles de aprendizaje \u00f3ptimos.<\/p><\/div>\n\n\n\n<div class=\"wp-block-uagb-faq-child uagb-faq-child__outer-wrap uagb-faq-item uagb-block-bce1f196\" role=\"tab\" tabindex=\"0\"><div class=\"uagb-faq-questions-button uagb-faq-questions\"><span class=\"uagb-icon uagb-faq-icon-wrap\"><svg xmlns=\"https:\/\/www.w3.org\/2000\/svg\" viewBox=\"0 0 256 512\"><path d=\"M118.6 105.4l128 127.1C252.9 239.6 256 247.8 256 255.1s-3.125 16.38-9.375 22.63l-128 127.1c-9.156 9.156-22.91 11.9-34.88 6.943S64 396.9 64 383.1V128c0-12.94 7.781-24.62 19.75-29.58S109.5 96.23 118.6 105.4z\"><\/path><\/svg><\/span><span class=\"uagb-icon-active uagb-faq-icon-wrap\"><svg xmlns=\"https:\/\/www.w3.org\/2000\/svg\" viewBox=\"0 0 320 512\"><path d=\"M310.6 246.6l-127.1 128C176.4 380.9 168.2 384 160 384s-16.38-3.125-22.63-9.375l-127.1-128C.2244 237.5-2.516 223.7 2.438 211.8S19.07 192 32 192h255.1c12.94 0 24.62 7.781 29.58 19.75S319.8 237.5 310.6 246.6z\"><\/path><\/svg><\/span><p class=\"uagb-question\">Una plataforma f\u00e1cil de usar <\/p><\/div><p class=\"uagb-faq-content\">Intuitiva y l\u00f3gica, la plataforma te permite avanzar por las lecciones y contenidos facilit\u00e1ndote el crecimiento profesional.<\/p><\/div>\n\n\n\n<div class=\"wp-block-uagb-faq-child uagb-faq-child__outer-wrap uagb-faq-item uagb-block-4d97cf36\" role=\"tab\" tabindex=\"0\"><div class=\"uagb-faq-questions-button uagb-faq-questions\"><span class=\"uagb-icon uagb-faq-icon-wrap\"><svg xmlns=\"https:\/\/www.w3.org\/2000\/svg\" viewBox=\"0 0 256 512\"><path d=\"M118.6 105.4l128 127.1C252.9 239.6 256 247.8 256 255.1s-3.125 16.38-9.375 22.63l-128 127.1c-9.156 9.156-22.91 11.9-34.88 6.943S64 396.9 64 383.1V128c0-12.94 7.781-24.62 19.75-29.58S109.5 96.23 118.6 105.4z\"><\/path><\/svg><\/span><span class=\"uagb-icon-active uagb-faq-icon-wrap\"><svg xmlns=\"https:\/\/www.w3.org\/2000\/svg\" viewBox=\"0 0 320 512\"><path d=\"M310.6 246.6l-127.1 128C176.4 380.9 168.2 384 160 384s-16.38-3.125-22.63-9.375l-127.1-128C.2244 237.5-2.516 223.7 2.438 211.8S19.07 192 32 192h255.1c12.94 0 24.62 7.781 29.58 19.75S319.8 237.5 310.6 246.6z\"><\/path><\/svg><\/span><p class=\"uagb-question\">Aprenda con profesionales altamente capacitados<\/p><\/div><p class=\"uagb-faq-content\">Relatores con amplia trayectoria en sus \u00e1reas de conocimiento y entrenados para crear cursos digitales de primera calidad.<\/p><\/div>\n<\/div>\n<\/div>\n<\/div>\n\n\n\n<div class=\"wp-block-uagb-container uagb-block-ee82c050\">\n<div class=\"wp-block-uagb-container uagb-block-f6be4d67\">\n<div class=\"wp-block-uagb-advanced-heading uagb-block-b7840680\"><h3 class=\"uagb-heading-text\">Industry Partners<\/h3><\/div>\n<\/div>\n\n\n\n<div class=\"wp-block-uagb-container uagb-block-e444da93\">\n<div class=\"wp-block-uagb-image aligncenter uagb-block-9024f71a wp-block-uagb-image--layout-default wp-block-uagb-image--effect-static wp-block-uagb-image--align-center\"><figure class=\"wp-block-uagb-image__figure\"><img loading=\"lazy\" decoding=\"async\" srcset=\"https:\/\/www.scscapacitacion.com\/aula\/wp-content\/uploads\/2021\/03\/logo-1.svg , https:\/\/www.scscapacitacion.com\/aula\/wp-content\/uploads\/2021\/03\/logo-1.svg 360w\" sizes=\"auto, (max-width: 480px) 150px\" src=\"https:\/\/www.scscapacitacion.com\/aula\/wp-content\/uploads\/2021\/03\/logo-1.svg\" alt=\"\" class=\"uag-image-25663\" width=\"179\" height=\"100\" title=\"\" loading=\"lazy\"\/><\/figure><\/div>\n\n\n\n<div class=\"wp-block-uagb-image aligncenter uagb-block-1b30932e wp-block-uagb-image--layout-default wp-block-uagb-image--effect-static wp-block-uagb-image--align-center\"><figure class=\"wp-block-uagb-image__figure\"><img loading=\"lazy\" decoding=\"async\" srcset=\"https:\/\/www.scscapacitacion.com\/aula\/wp-content\/uploads\/2021\/03\/logo-2.svg , https:\/\/www.scscapacitacion.com\/aula\/wp-content\/uploads\/2021\/03\/logo-2.svg 360w\" sizes=\"auto, (max-width: 480px) 150px\" src=\"https:\/\/www.scscapacitacion.com\/aula\/wp-content\/uploads\/2021\/03\/logo-2.svg\" alt=\"\" class=\"uag-image-25664\" width=\"179\" height=\"100\" title=\"\" loading=\"lazy\"\/><\/figure><\/div>\n\n\n\n<div class=\"wp-block-uagb-image aligncenter uagb-block-1bfcbd1a wp-block-uagb-image--layout-default wp-block-uagb-image--effect-static wp-block-uagb-image--align-center\"><figure class=\"wp-block-uagb-image__figure\"><img loading=\"lazy\" decoding=\"async\" srcset=\"https:\/\/www.scscapacitacion.com\/aula\/wp-content\/uploads\/2021\/03\/logo-3.svg , https:\/\/www.scscapacitacion.com\/aula\/wp-content\/uploads\/2021\/03\/logo-3.svg 360w\" sizes=\"auto, (max-width: 480px) 150px\" src=\"https:\/\/www.scscapacitacion.com\/aula\/wp-content\/uploads\/2021\/03\/logo-3.svg\" alt=\"\" class=\"uag-image-25665\" width=\"179\" height=\"100\" title=\"\" loading=\"lazy\"\/><\/figure><\/div>\n\n\n\n<div class=\"wp-block-uagb-image aligncenter uagb-block-70c59eea wp-block-uagb-image--layout-default wp-block-uagb-image--effect-static wp-block-uagb-image--align-center\"><figure class=\"wp-block-uagb-image__figure\"><img loading=\"lazy\" decoding=\"async\" srcset=\"https:\/\/www.scscapacitacion.com\/aula\/wp-content\/uploads\/2021\/03\/logo-4.svg , https:\/\/www.scscapacitacion.com\/aula\/wp-content\/uploads\/2021\/03\/logo-4.svg 360w\" sizes=\"auto, (max-width: 480px) 150px\" src=\"https:\/\/www.scscapacitacion.com\/aula\/wp-content\/uploads\/2021\/03\/logo-4.svg\" alt=\"\" class=\"uag-image-25666\" width=\"178\" height=\"100\" title=\"\" loading=\"lazy\"\/><\/figure><\/div>\n\n\n\n<div class=\"wp-block-uagb-image aligncenter uagb-block-f52bf63a wp-block-uagb-image--layout-default wp-block-uagb-image--effect-static wp-block-uagb-image--align-center\"><figure class=\"wp-block-uagb-image__figure\"><img loading=\"lazy\" decoding=\"async\" srcset=\"https:\/\/www.scscapacitacion.com\/aula\/wp-content\/uploads\/2021\/03\/logo-5.svg , https:\/\/www.scscapacitacion.com\/aula\/wp-content\/uploads\/2021\/03\/logo-5.svg 360w\" sizes=\"auto, (max-width: 480px) 150px\" src=\"https:\/\/www.scscapacitacion.com\/aula\/wp-content\/uploads\/2021\/03\/logo-5.svg\" alt=\"\" class=\"uag-image-25667\" width=\"178\" height=\"100\" title=\"\" loading=\"lazy\"\/><\/figure><\/div>\n<\/div>\n<\/div>\n<\/div><\/div>\n","protected":false},"excerpt":{"rendered":"<p>Cursos destacados Variedad de cursos en categor\u00edas espec\u00edficas de capacitaci\u00f3n. Mant\u00e9ngase a la vanguardia con nuestra formaci\u00f3n profesional Relatores certificados y con gran experiencia Guillermo Lapenta &#8211; Relator Industry Partners<\/p>\n","protected":false},"author":1,"featured_media":0,"parent":0,"menu_order":0,"comment_status":"closed","ping_status":"closed","template":"","meta":{"_uag_custom_page_level_css":"","site-sidebar-layout":"no-sidebar","site-content-layout":"plain-container","ast-global-header-display":"","ast-banner-title-visibility":"","ast-main-header-display":"","ast-hfb-above-header-display":"","ast-hfb-below-header-display":"","ast-hfb-mobile-header-display":"","site-post-title":"disabled","ast-breadcrumbs-content":"","ast-featured-img":"disabled","footer-sml-layout":"","theme-transparent-header-meta":"enabled","adv-header-id-meta":"","stick-header-meta":"","header-above-stick-meta":"","header-main-stick-meta":"","header-below-stick-meta":"","footnotes":""},"class_list":["post-25407","page","type-page","status-publish","hentry"],"uagb_featured_image_src":{"full":false,"thumbnail":false,"medium":false,"medium_large":false,"large":false,"1536x1536":false,"2048x2048":false,"woocommerce_thumbnail":false,"woocommerce_single":false,"woocommerce_gallery_thumbnail":false},"uagb_author_info":{"display_name":"scscapacitacion_fpe8bw","author_link":"https:\/\/www.scscapacitacion.com\/aula\/author\/scscapacitacion_fpe8bw\/"},"uagb_comment_info":0,"uagb_excerpt":"Cursos destacados Variedad de cursos en categor\u00edas espec\u00edficas de capacitaci\u00f3n. Mant\u00e9ngase a la vanguardia con nuestra formaci\u00f3n profesional Relatores certificados y con gran experiencia Guillermo Lapenta &#8211; Relator Industry Partners","_links":{"self":[{"href":"https:\/\/www.scscapacitacion.com\/aula\/wp-json\/wp\/v2\/pages\/25407","targetHints":{"allow":["GET"]}}],"collection":[{"href":"https:\/\/www.scscapacitacion.com\/aula\/wp-json\/wp\/v2\/pages"}],"about":[{"href":"https:\/\/www.scscapacitacion.com\/aula\/wp-json\/wp\/v2\/types\/page"}],"author":[{"embeddable":true,"href":"https:\/\/www.scscapacitacion.com\/aula\/wp-json\/wp\/v2\/users\/1"}],"replies":[{"embeddable":true,"href":"https:\/\/www.scscapacitacion.com\/aula\/wp-json\/wp\/v2\/comments?post=25407"}],"version-history":[{"count":2,"href":"https:\/\/www.scscapacitacion.com\/aula\/wp-json\/wp\/v2\/pages\/25407\/revisions"}],"predecessor-version":[{"id":26749,"href":"https:\/\/www.scscapacitacion.com\/aula\/wp-json\/wp\/v2\/pages\/25407\/revisions\/26749"}],"wp:attachment":[{"href":"https:\/\/www.scscapacitacion.com\/aula\/wp-json\/wp\/v2\/media?parent=25407"}],"curies":[{"name":"wp","href":"https:\/\/api.w.org\/{rel}","templated":true}]}}